{"id":134,"date":"2016-02-28T01:34:56","date_gmt":"2016-02-28T01:34:56","guid":{"rendered":"http:\/\/michal.mizera.pl\/?page_id=134"},"modified":"2018-03-30T12:20:41","modified_gmt":"2018-03-30T12:20:41","slug":"linki","status":"publish","type":"page","link":"https:\/\/michal.mizera.pl\/index.php\/linki\/","title":{"rendered":"Linki"},"content":{"rendered":"<p>Przydatne sznurki:<\/p>\n<ul>\n<li><a href=\"https:\/\/goo.gl\/a4IFBH\" target=\"_blank\" rel=\"noopener\"><span data-sheets-value=\"{&quot;1&quot;:2,&quot;2&quot;:&quot;Kalkulator powi\\u0119kszenia i \\u017arenicy wyj\\u015bciowej&quot;}\" data-sheets-userformat=\"{&quot;2&quot;:31617,&quot;3&quot;:[null,2,&quot;@&quot;,1],&quot;10&quot;:0,&quot;11&quot;:4,&quot;12&quot;:0,&quot;14&quot;:[null,2,0],&quot;15&quot;:&quot;Trebuchet MS&quot;,&quot;16&quot;:24,&quot;17&quot;:1}\">Kalkulator powi\u0119kszenia i \u017arenicy wyj\u015bciowej\u00a0<\/span><\/a><\/li>\n<\/ul>\n<p>Strony tematyczne:<\/p>\n<ul>\n<li><a href=\"http:\/\/calsky.com\" target=\"_blank\" rel=\"noopener\">http:\/\/calsky.com<\/a> \u00a0&#8211; tutaj mo\u017cesz podejrze\u0107 kiedy ISS b\u0119dzie widoczna na tle S\u0142o\u0144ca, Ksi\u0119\u017cyca czy innych planet.<\/li>\n<li><a href=\"http:\/\/www.lightpollutionmap.info\/#zoom=4&amp;lat=5759860&amp;lon=1619364&amp;layers=B0TFFFFTT\">http:\/\/www.lightpollutionmap.info<\/a>\u00a0&#8211; mapa gdzie na ziemi znajdziemy ciemne niebo.<\/li>\n<li><a href=\"http:\/\/nova.astrometry.net\">nova.astrometry.net<\/a>\u00a0&#8211; niezwykle przydatne narz\u0119dzie gdy chcesz si\u0119 dowiedzie\u0107 co uda\u0142o Ci si\u0119 sfotografowa\u0107, a nie wiesz.<\/li>\n<\/ul>\n<p>&nbsp;<\/p>\n<p>Fora:<\/p>\n<ul>\n<li><a href=\"http:\/\/www.astromaniak.pl\" target=\"_blank\" rel=\"noopener\">www.astromaniak.pl<\/a> &#8211; poczytne i fachowe forum po\u015bwi\u0119cone Astro<\/li>\n<\/ul>\n<p>&nbsp;<\/p>\n<p>Oprogramowanie:<\/p>\n<ul>\n<li style=\"text-align: justify;\"><a href=\"http:\/\/www.astrosurf.com\/buil\/us\/iris\/iris.htm\" target=\"_blank\" rel=\"noopener\">IRIS<\/a> \u00a0 &#8211; programu do sk\u0142adania i obr\u00f3bki zdj\u0119\u0107. <a href=\"http:\/\/www.afterdusk.pl\/index.php?sec=art&amp;doc=iris02%3A1\" target=\"_blank\" rel=\"noopener\">PRZEWODNIK<\/a>.<\/li>\n<li style=\"text-align: justify;\"><a href=\"http:\/\/deepskystacker.free.fr\/english\/index.html\">DSS<\/a> &#8211; Deep Sky Stucker oraz znakomity <a href=\"https:\/\/www.youtube.com\/watch?v=J96e9HRbi-A\">PRZEWODNIK<\/a>\u00a0oraz <a href=\"https:\/\/www.youtube.com\/watch?v=V4IEACAen44\">PRZEWODNIK<\/a> Janusza Wilanda z PTMA Warszawa<\/li>\n<li style=\"text-align: justify;\"><a href=\"http:\/\/www.startools.org\/\">StarTools <\/a>&#8211; program do podci\u0105gania zdj\u0119cia oraz\u00a0<a href=\"https:\/\/www.youtube.com\/watch?v=0Ivn8xHFb-A\">PRZEWODNIK<\/a>.<\/li>\n<li style=\"text-align: justify;\"><a href=\"https:\/\/www.gimp.org\/\">GIMP<\/a> &#8211; popularny darmowy odpowiednik PhotoShopa oraz <a href=\"https:\/\/www.youtube.com\/watch?v=9URWk9xm_AI\">PRZEWODNIK<\/a> po funkcjach do obr\u00f3bki AstroZdj\u0119cia.<\/li>\n<li style=\"text-align: justify;\"><a href=\"http:\/\/www.startrails.de\/html\/software.html\" target=\"_blank\" rel=\"noopener\">StarTrails<\/a> &#8211; darmowy program do sk\u0142adania zdj\u0119\u0107 w jedno. Zakr\u0119cone gwiazdy. Oraz jak go u\u017cywa\u0107, <a href=\"http:\/\/nightscapes.pl\/blog\/startrails-czyli-jak-fotografowac-ruch-gwiazd\/\" target=\"_blank\" rel=\"noopener\">PRZEWODNIK<\/a><\/li>\n<li style=\"text-align: justify;\"><a href=\"http:\/\/www.gdzid.com\/QJFC.htm\" target=\"_blank\" rel=\"noopener\">Quick JPG from CR2<\/a> &#8211; ma\u0142y i szybki programik do zamiany z raw do jpg<\/li>\n<\/ul>\n<p>&nbsp;<\/p>\n<p>&nbsp;<\/p>\n","protected":false},"excerpt":{"rendered":"<p>Przydatne sznurki: Kalkulator powi\u0119kszenia i \u017arenicy wyj\u015bciowej\u00a0 Strony tematyczne: http:\/\/calsky.com \u00a0&#8211; tutaj mo\u017cesz podejrze\u0107 kiedy ISS b\u0119dzie widoczna na tle S\u0142o\u0144ca, Ksi\u0119\u017cyca czy innych planet. http:\/\/www.lightpollutionmap.info\u00a0&#8211; mapa gdzie na ziemi znajdziemy ciemne niebo. nova.astrometry.net\u00a0&#8211; niezwykle przydatne narz\u0119dzie gdy chcesz si\u0119 dowiedzie\u0107 co uda\u0142o Ci si\u0119 sfotografowa\u0107, a nie wiesz. &nbsp; Fora: www.astromaniak.pl &#8211; poczytne i &hellip; <a href=\"https:\/\/michal.mizera.pl\/index.php\/linki\/\" class=\"more-link\">Czytaj dalej <span class=\"screen-reader-text\">Linki<\/span> <span class=\"meta-nav\">&rarr;<\/span><\/a><\/p>\n","protected":false},"author":1,"featured_media":0,"parent":0,"menu_order":0,"comment_status":"closed","ping_status":"closed","template":"","meta":{"ngg_post_thumbnail":0,"footnotes":""},"class_list":["post-134","page","type-page","status-publish","hentry"],"_links":{"self":[{"href":"https:\/\/michal.mizera.pl\/index.php\/wp-json\/wp\/v2\/pages\/134","targetHints":{"allow":["GET"]}}],"collection":[{"href":"https:\/\/michal.mizera.pl\/index.php\/wp-json\/wp\/v2\/pages"}],"about":[{"href":"https:\/\/michal.mizera.pl\/index.php\/wp-json\/wp\/v2\/types\/page"}],"author":[{"embeddable":true,"href":"https:\/\/michal.mizera.pl\/index.php\/wp-json\/wp\/v2\/users\/1"}],"replies":[{"embeddable":true,"href":"https:\/\/michal.mizera.pl\/index.php\/wp-json\/wp\/v2\/comments?post=134"}],"version-history":[{"count":13,"href":"https:\/\/michal.mizera.pl\/index.php\/wp-json\/wp\/v2\/pages\/134\/revisions"}],"predecessor-version":[{"id":1416,"href":"https:\/\/michal.mizera.pl\/index.php\/wp-json\/wp\/v2\/pages\/134\/revisions\/1416"}],"wp:attachment":[{"href":"https:\/\/michal.mizera.pl\/index.php\/wp-json\/wp\/v2\/media?parent=134"}],"curies":[{"name":"wp","href":"https:\/\/api.w.org\/{rel}","templated":true}]}}